717
List the prime factors of 435007137.
3, 47, 227, 13591
List the prime factors of 148682444.
2, 2287, 16253
What are the prime factors of 240114587?
47, 5108821
What are the prime factors of 1275350?
2, 5, 23, 1109
List the prime factors of 623711337.
3, 1373, 151423
What are the prime factors of 127892503?
127892503
What are the prime factors of 181687890?
2, 3, 5, 61, 101, 983
List the prime factors of 23005916.
2, 5751479
What are the prime factors of 877770816?
2, 3, 13, 19, 83, 223
List the prime factors of 41384770.
2, 5, 7, 311, 1901
What are the prime factors of 2227282560?
2, 3, 5, 73, 5297
List the prime factors of 639006700.
2, 5, 23, 277829
What are the prime factors of 43522944?
2, 3, 113341
List the prime factors of 172543026.
2, 3, 28757171
What are the prime factors of 967009472?
2, 11, 13, 157, 673
List the prime factors of 7226043.
3, 11, 218971
What are the prime factors of 711242767?
79, 109, 151, 547
List the prime factors of 513079842.
2, 3, 11, 241, 32257
What are the prime factors of 51128758?
2, 17, 1503787
What are the prime factors of 9250621?
9250621
What are the prime factors of 623205282?
2, 3, 7, 19, 37, 21107
List the prime factors of 149317267.
11, 499, 2473
What are the prime factors of 85924143?
3, 9547127
List the prime factors of 122377087.
7, 41, 426401
List the prime factors of 527798114.
2, 367, 719071
List the prime factors of 7811701919.
7, 1115957417
List the prime factors of 29652115.
5, 5930423
List the prime factors of 4862779346.
2, 509, 761, 6277
What are the prime factors of 1970026425?
3, 5, 41, 213553
List the prime factors of 145291317.
3, 4139, 11701
List the prime factors of 37467471.
3, 12489157
What are the prime factors of 83251238?
2, 7, 41, 145037
What are the prime factors of 2399440680?
2, 3, 5, 7, 13, 73243
What are the prime factors of 1574351565?
3, 5, 29, 3619199
List the prime factors of 44636872.
2, 7, 61, 73, 179
What are the prime factors of 93586045?
5, 7, 29, 92203
List the prime factors of 7056715139.
59221, 119159
What are the prime factors of 365528913?
3, 121842971
What are the prime factors of 2170376279?
61, 127, 281, 997
List the prime factors of 649360024.
2, 1949, 41647
What are the prime factors of 2419753321?
137, 17662433
What are the prime factors of 787528901?
23, 29, 131, 9013
What are the prime factors of 27475867?
37, 742591
What are the prime factors of 909724039?
7, 43, 3022339
What are the prime factors of 101786708?
2, 25446677
List the prime factors of 307418341.
307418341
List the prime factors of 2359028205.
3, 5, 17, 181, 631
List the prime factors of 36240644.
2, 11, 823651
List the prime factors of 122460030.
2, 3, 5, 7, 11, 41, 431
List the prime factors of 793387313.
19, 41757227
What are the prime factors of 101581160?
2, 5, 2539529
List the prime factors of 270327563.
11, 24575233
List the prime factors of 821659388.
2, 11, 499, 37423
List the prime factors of 2350090270.
2, 5, 11, 61, 350237
What are the prime factors of 598029271?
7, 29, 420851
List the prime factors of 286050259.
11, 26004569
What are the prime factors of 281047669?
7, 173, 232079
List the prime factors of 248811857.
7, 725399
List the prime factors of 79501749.
3, 53, 107, 4673
List the prime factors of 52933633.
52933633
List the prime factors of 981770766.
2, 3, 163628461
What are the prime factors of 13436886?
2, 3, 151, 14831
What are the prime factors of 784739816?
2, 7, 14013211
List the prime factors of 2027312072.
2, 253414009
What are the prime factors of 149359892?
2, 11, 17, 199679
What are the prime factors of 113155022?
2, 31, 1825081
What are the prime factors of 2092441271?
2092441271
What are the prime factors of 134240808?
2, 3, 13, 430259
What are the prime factors of 286250745?
3, 5, 11, 31, 191, 293
List the prime factors of 591093689.
17, 29, 1198973
What are the prime factors of 60666833?
60666833
What are the prime factors of 41433908?
2, 19, 311, 1753
What are the prime factors of 160092780?
2, 3, 5, 2668213
List the prime factors of 2564081459.
3301, 776759
List the prime factors of 533850810.
2, 3, 5, 17795027
List the prime factors of 105141805.
5, 21028361
What are the prime factors of 3987538262?
2, 30859, 64609
List the prime factors of 1407039982.
2, 89, 7904719
List the prime factors of 566364266.
2, 13, 43, 67, 7561
What are the prime factors of 49785669?
3, 443, 12487
List the prime factors of 907134076.
2, 17, 23, 127, 4567
What are the prime factors of 199129704?
2, 3, 17, 449, 1087
List the prime factors of 48285894.
2, 3, 8047649
What are the prime factors of 868983384?
2, 3, 3919, 9239
List the prime factors of 30452585.
5, 6090517
What are the prime factors of 6508174?
2, 1061, 3067
What are the prime factors of 3613122568?
2, 11, 113, 127, 2861
List the prime factors of 27193055.
5, 5438611
List the prime factors of 675750674.
2, 79, 4276903
List the prime factors of 203400209.
203400209
List the prime factors of 24058307.
7, 13, 241, 1097
List the prime factors of 140446431.
3, 15605159
What are the prime factors of 1905631389?
3, 211736821
What are the prime factors of 408188357?
547, 746231
List the prime factors of 2880287515.
5, 7, 41, 359, 5591
List the prime factors of 55593162.
2, 3, 17, 23, 2633
What are the prime factors of 528310546?
2, 264155273
List the prime factors of 2032792786.
2, 19, 7307, 7321
What are the prime factors of 3731784826?
2, 7, 11, 3461767
List the prime factors of 27554428.
2, 11, 127, 4931
List the prime factors of 577986449.
347, 383, 4349
List the prime factors of 233762459.
7, 71, 470347
What are the prime factors of 315411549?
3, 347, 302989
What are the prime factors of 3101020780?
2, 5, 11, 13, 19, 149, 383
List the prime factors of 17504096.
2, 43, 12721
List the prime factors of 53690836.
2, 13422709
List the prime factors of 151548019.
7, 331, 65407
What are the prime factors of 749232141?
3, 7, 35677721
List the prime factors of 126044949.
3, 42014983
What are the prime factors of 948694292?
2, 7, 13, 199, 1871
What are the prime factors of 78764691?
3, 43, 610579
What are the prime factors of 550494605?
5, 110098921
List the prime factors of 4371458184.
2, 3, 60714697
What are the prime factors of 108325386?
2, 3, 13, 61, 7589
What are the prime factors of 13772035?
5, 2754407
What are the prime factors of 188628056?
2, 17, 31, 44741
What are the prime factors of 22164166?
2, 47, 235789
What are the prime factors of 60075568?
2, 7, 19, 37, 109
What are the prime factors of 99794060?
2, 5, 101, 127, 389
List the prime factors of 2045339428.
2, 11, 17, 37, 263, 281
What are the prime factors of 59989536?
2, 3, 19, 577
What are the prime factors of 1272191144?
2, 7, 31, 732829
List the prime factors of 313240887.
3, 23, 431, 3511
What are the prime factors of 864440186?
2, 83, 5207471
List the prime factors of 149363026.
2, 74681513
What are the prime factors of 15347511?
3, 31, 55009
What are the prime factors of 335352208?
2, 20959513
What are the prime factors of 38438787?
3, 107, 119747
List the prime factors of 2771607.
3, 923869
List the prime factors of 2088595141.
2088595141
List the prime factors of 457948608.
2, 3, 13, 183473
What are the prime factors of 6020782?
2, 3010391
List the prime factors of 3180346972.
2, 11, 72280613
List the prime factors of 194174616.
2, 3, 53, 293, 521
List the prime factors of 4500398835.
3, 5, 100008863
List the prime factors of 124238109.
3, 419, 98837
List the prime factors of 178401928.
2, 4013, 5557
List the prime factors of 412075543.
11, 41, 83063
List the prime factors of 71481691.
31, 61, 103, 367
List the prime factors of 3425495435.
5, 73, 127, 73897
List the prime factors of 91571326.
2, 7, 11, 23, 103, 251
List the prime factors of 1117353662.
2, 17, 23, 197, 7253
What are the prime factors of 1360159586?
2, 127, 1693, 3163
What are the prime factors of 101583466?
2, 17, 31, 3109
What are the prime factors of 193449339?
3, 751, 28621
List the prime factors of 6968715.
3, 5, 13, 2749
List the prime factors of 3204844163.
3204844163
What are the prime factors of 36285333?
3, 7, 246839
List the prime factors of 76437938.
2, 38218969
What are the prime factors of 3430590729?
3, 10939, 104537
What are the prime factors of 54085352?
2,